{"id":2118,"date":"2024-01-29T10:40:24","date_gmt":"2024-01-29T15:40:24","guid":{"rendered":"https:\/\/diamorefloreriadeluxe.com\/index.php\/product\/peluche-de-60-cm-beige-con-mono-rojo\/"},"modified":"2024-04-09T12:35:51","modified_gmt":"2024-04-09T17:35:51","slug":"peluche-de-60-cm-beige-con-mono-rojo","status":"publish","type":"product","link":"https:\/\/diamorefloreriadeluxe.com\/index.php\/product\/peluche-de-60-cm-beige-con-mono-rojo\/","title":{"rendered":"Peluche de 60 cm beige con mo\u00f1o rojo"},"content":{"rendered":"<p>Peluche de 60 cm beige con la opci\u00f3n de mo\u00f1o rojo<\/p>\n","protected":false},"excerpt":{"rendered":"<p>Peluche de 60 cm beige con la opci\u00f3n de mo\u00f1o rojo<\/p>\n","protected":false},"featured_media":2117,"comment_status":"open","ping_status":"closed","template":"","meta":{"_uag_custom_page_level_css":"","site-sidebar-layout":"default","site-content-layout":"default","ast-global-header-display":"","ast-main-header-display":"","ast-hfb-above-header-display":"","ast-hfb-below-header-display":"","ast-hfb-mobile-header-display":"","site-post-title":"","ast-breadcrumbs-content":"","ast-featured-img":"","footer-sml-layout":"","theme-transparent-header-meta":"","adv-header-id-meta":"","stick-header-meta":"","header-above-stick-meta":"","header-main-stick-meta":"","header-below-stick-meta":""},"product_brand":[],"product_cat":[47],"product_tag":[],"class_list":{"0":"post-2118","1":"product","2":"type-product","3":"status-publish","4":"has-post-thumbnail","6":"product_cat-sanvalentinadicionales","7":"desktop-align-left","8":"tablet-align-left","9":"mobile-align-left","11":"first","12":"outofstock","13":"shipping-taxable","14":"purchasable","15":"product-type-simple"},"uagb_featured_image_src":{"full":["https:\/\/diamorefloreriadeluxe.com\/wp-content\/uploads\/2024\/01\/img_6649-scaled.jpeg",1920,2560,false],"thumbnail":["https:\/\/diamorefloreriadeluxe.com\/wp-content\/uploads\/2024\/01\/img_6649-150x150.jpeg",150,150,true],"medium":["https:\/\/diamorefloreriadeluxe.com\/wp-content\/uploads\/2024\/01\/img_6649-225x300.jpeg",225,300,true],"medium_large":["https:\/\/diamorefloreriadeluxe.com\/wp-content\/uploads\/2024\/01\/img_6649-768x1024.jpeg",768,1024,true],"large":["https:\/\/diamorefloreriadeluxe.com\/wp-content\/uploads\/2024\/01\/img_6649-768x1024.jpeg",768,1024,true],"1536x1536":["https:\/\/diamorefloreriadeluxe.com\/wp-content\/uploads\/2024\/01\/img_6649-1152x1536.jpeg",1152,1536,true],"2048x2048":["https:\/\/diamorefloreriadeluxe.com\/wp-content\/uploads\/2024\/01\/img_6649-1536x2048.jpeg",1536,2048,true],"woocommerce_thumbnail":["https:\/\/diamorefloreriadeluxe.com\/wp-content\/uploads\/2024\/01\/img_6649-300x300.jpeg",300,300,true],"woocommerce_single":["https:\/\/diamorefloreriadeluxe.com\/wp-content\/uploads\/2024\/01\/img_6649-600x800.jpeg",600,800,true],"woocommerce_gallery_thumbnail":["https:\/\/diamorefloreriadeluxe.com\/wp-content\/uploads\/2024\/01\/img_6649-100x100.jpeg",100,100,true]},"uagb_author_info":{"display_name":"obed pineda","author_link":"https:\/\/diamorefloreriadeluxe.com\/index.php\/author\/"},"uagb_comment_info":1,"uagb_excerpt":"Peluche de 60 cm beige con la opci\u00f3n de mo\u00f1o rojo","jetpack_sharing_enabled":true,"_links":{"self":[{"href":"https:\/\/diamorefloreriadeluxe.com\/index.php\/wp-json\/wp\/v2\/product\/2118","targetHints":{"allow":["GET"]}}],"collection":[{"href":"https:\/\/diamorefloreriadeluxe.com\/index.php\/wp-json\/wp\/v2\/product"}],"about":[{"href":"https:\/\/diamorefloreriadeluxe.com\/index.php\/wp-json\/wp\/v2\/types\/product"}],"replies":[{"embeddable":true,"href":"https:\/\/diamorefloreriadeluxe.com\/index.php\/wp-json\/wp\/v2\/comments?post=2118"}],"wp:featuredmedia":[{"embeddable":true,"href":"https:\/\/diamorefloreriadeluxe.com\/index.php\/wp-json\/wp\/v2\/media\/2117"}],"wp:attachment":[{"href":"https:\/\/diamorefloreriadeluxe.com\/index.php\/wp-json\/wp\/v2\/media?parent=2118"}],"wp:term":[{"taxonomy":"product_brand","embeddable":true,"href":"https:\/\/diamorefloreriadeluxe.com\/index.php\/wp-json\/wp\/v2\/product_brand?post=2118"},{"taxonomy":"product_cat","embeddable":true,"href":"https:\/\/diamorefloreriadeluxe.com\/index.php\/wp-json\/wp\/v2\/product_cat?post=2118"},{"taxonomy":"product_tag","embeddable":true,"href":"https:\/\/diamorefloreriadeluxe.com\/index.php\/wp-json\/wp\/v2\/product_tag?post=2118"}],"curies":[{"name":"wp","href":"https:\/\/api.w.org\/{rel}","templated":true}]}}